02120000
In base 8, what is 4465 + 66?
4553
In base 6, what is 3144203 - 2?
3144201
In base 11, what is 380 + 2?
382
In base 4, what is -12001 + 2102?
-3233
In base 3, what is -222 - -112002102?
112001110
In base 14, what is -3db65 - 1?
-3db66
In base 16, what is 2cc + -1e9?
e3
In base 11, what is 0 - 29a07?
-29a07
In base 10, what is 4 + 68?
72
In base 7, what is 23 - 1446?
-1423
In base 10, what is -70 + -142?
-212
In base 6, what is 135022 + -23?
134555
In base 12, what is -291b8 - -4?
-291b4
In base 15, what is cd + 8dc?
9ba
In base 9, what is 1415 - -52?
1467
In base 11, what is 2a4 + -a5?
1aa
In base 15, what is 2 + -26e7?
-26e5
In base 11, what is -22356 + -1?
-22357
In base 4, what is -1032221 - 10?
-1032231
In base 13, what is 71247 + -1?
71246
In base 9, what is 21 - -18525?
18546
In base 12, what is -2 + -46b?
-471
In base 11, what is -7a774 - -5?
-7a76a
In base 10, what is 4 + 10798?
10802
In base 15, what is 123 + eaa?
10cd
In base 12, what is -6 + 111680?
111676
In base 10, what is 0 + 54103?
54103
In base 8, what is -5 + 162655?
162650
In base 2, what is -1011010100111100 - -10?
-1011010100111010
In base 9, what is 14 + 210677?
210702
In base 14, what is -5 - -da93?
da8c
In base 12, what is -1 - 1b66?
-1b67
In base 5, what is 1143 - -23413?
30111
In base 4, what is 12031311 - 10?
12031301
In base 4, what is 22 + -1003331021?
-1003330333
In base 2, what is 10100111100100101 - 101001?
10100111011111100
In base 9, what is -126 - -241?
114
In base 4, what is 1102223130 - 3?
1102223121
In base 11, what is -1 - -1391a?
13919
In base 9, what is -3038112 + -1?
-3038113
In base 4, what is 22002 + 1313?
23321
In base 9, what is -35732 - 35?
-35767
In base 11, what is -1 - -235306?
235305
In base 7, what is 12 + -30425?
-30413
In base 6, what is 1345 - -21324?
23113
In base 16, what is 19610 + -2?
1960e
In base 16, what is 1e4b8 + 3?
1e4bb
In base 3, what is 10210 - 10012?
121
In base 12, what is -3 + b420?
b419
In base 12, what is -198064 - 5?
-198069
In base 14, what is 0 + -180d3?
-180d3
In base 12, what is -42 - 1396?
-1418
In base 11, what is -614 - -32?
-592
In base 9, what is 2372 - -6?
2378
In base 16, what is 28b6 - -2?
28b8
In base 12, what is 27 + -28?
-1
In base 16, what is -8 - -5e3c?
5e34
In base 8, what is -47741 + -1?
-47742
In base 16, what is 171aa5 + 0?
171aa5
In base 4, what is 1223113 + 3020?
1232133
In base 16, what is aa133 - 4?
aa12f
In base 5, what is -1110200 + 12?
-1110133
In base 2, what is 11 + 11111011110001?
11111011110100
In base 5, what is 1 - 142213?
-142212
In base 10, what is 13 - 18592?
-18579
In base 16, what is -44 - -942?
8fe
In base 7, what is -144 - 6153?
-6330
In base 4, what is -10 + -13332021?
-13332031
In base 16, what is -16 + 4175d?
41747
In base 2, what is 11010011010010 - 101?
11010011001101
In base 5, what is 110 - 3334231?
-3334121
In base 15, what is -1a72 - -86?
-19db
In base 14, what is -46 - 7a62?
-7aa8
In base 8, what is 2507 - -5?
2514
In base 5, what is -43310 + 2?
-43303
In base 4, what is -3 + 3111023?
3111020
In base 11, what is -349 + 107?
-242
In base 5, what is -43134 - -1?
-43133
In base 9, what is 223661 + 7?
223668
In base 7, what is 540332 + -1?
540331
In base 6, what is -5 + 21003230?
21003221
In base 13, what is -c857 + 5?
-c852
In base 11, what is 802a + -35?
7aa5
In base 8, what is 55 + 412064?
412141
In base 2, what is -1100110010100011 + 10?
-1100110010100001
In base 2, what is 101110101110111001 - -101?
101110101110111110
In base 5, what is -1412 - -111142?
104230
In base 12, what is -294387 - 0?
-294387
In base 4, what is -210110 + -212332?
-1023102
In base 2, what is -1101000000111000 + 10?
-1101000000110110
In base 6, what is -1 - -153112?
153111
In base 15, what is -599 - 2e?
-5c8
In base 12, what is -1 + 13607?
13606
In base 2, what is -100 + 11001101011010001110?
11001101011010001010
In base 9, what is -258 - -122?
-136
In base 10, what is 4743 + 6?
4749
In base 14, what is -b3878 - -4?
-b3874
In base 6, what is -11200 + -104?
-11304
In base 6, what is 131045 + 21?
131110
In base 9, what is 0 + -130007?
-130007
In base 12, what is 0 - -bab7?
bab7
In base 8, what is 5 + -437202?
-437175
In base 13, what is 16 - 9aa0?
-9a87
In base 9, what is 4 + 1480?
1484
In base 11, what is 6a32 + -1?
6a31
In base 11, what is -10 - 630a7?
-63107
In base 4, what is 301103102 + 11?
301103113
In base 10, what is -84 - 577?
-661
In base 13, what is -4 - -62118?
62114
In base 11, what is 13 + -6196?
-6183
In base 2, what is 111000 - -1011111110?
1100110110
In base 8, what is 75776 + 6?
76004
In base 7, what is -626 - -1514?
555
In base 13, what is -2 - -52c03?
52c01
In base 2, what is -11100011 - 1110?
-11110001
In base 7, what is -256044 - 2?
-256046
In base 8, what is 101 + 12640?
12741
In base 4, what is -11112 - -103?
-11003
In base 16, what is -2d28 + -7?
-2d2f
In base 10, what is -36780 - 8?
-36788
In base 5, what is 222303002 - -2?
222303004
In base 3, what is 100210201 - 10?
100210121
In base 2, what is -100 + 111010001100101010?
111010001100100110
In base 6, what is 1523 + -1201?
322
In base 3, what is -11 - 11220211212?
-11220212000
In base 11, what is -16a5 - -89?
-1617
In base 16, what is -4 + 6161?
615d
In base 2, what is -1001111101110010001 + 100?
-1001111101110001101
In base 8, what is 11 - -657?
670
In base 11, what is 7a873 - 0?
7a873
In base 8, what is -1141 + 34?
-1105
In base 2, what is 1000110111110010 + 100?
1000110111110110
In base 7, what is -236 + 1244?
1005
In base 7, what is 51642 + -6?
51633
In base 11, what is 21052a + 5?
210534
In base 5, what is -322030 + 1313?
-320212
In base 11, what is -3 + 152320?
152318
In base 6, what is -1353 - 2224?
-4021
In base 3, what is -12 + 210112122102?
210112122020
In base 6, what is -115523 - -3?
-115520
In base 7, what is 145145 + 0?
145145
In base 6, what is 50 + -41501?
-41411
In base 11, what is 2528 - 164?
2374
In base 12, what is 20 + 240?
260
In base 2, what is -10000011001010 - 10101100?
-10000101110110
In base 8, what is -16 - 316?
-334
In base 2, what is 1001001 - 11001001?
-10000000
In base 10, what is 163718 - 4?
163714
In base 9, what is 724060 - 2?
724057
In base 9, what is 775 + -78?
686
In base 10, what is -1273 + 257?
-1016
In base 15, what is -218 - 30b?
-524
In base 3, what is 10 - 10111211122?
-10111211112
In base 11, what is -636 + -14?
-64a
In base 4, what is 31221 - -22?
31303
In base 14, what is -3 + -c566d?
-c5672
In base 5, what is -233140 - -131?
-233004
In base 11, what is -2 - -80a49?
80a47
In base 14, what is 343b - 73?
33a8
In base 2, what is -100000 - -11100000?
11000000
In base 5, what is -1012131 - 2?
-1012133
In base 4, what is 2213212 + -11?
2213201
In base 6, what is 35124 + -1125?
33555
In base 13, what is 20ca - 249?
1b81
In base 11, what is 247 - 38?
20a
In base 12, what is -25ba6a - 0?
-25ba6a
In base 3, what is 11 + -2101000222102?
-2101000222021
In base 16, what is -14ffd + -3?
-15000
In base 12, what is 0 + 31b98?
31b98
In base 11, what is 3635 + 0?
3635
In base 11, what is 15320 + 3?
15323
In base 7, what is 450 + 13255?
14035
In base 13, what is 0 - 11611?
-11611
In base 10, what is 502 - 75?
427
In base 7, what is 33146 + 13?
33162
In base 7, what is -361 - -243?
-115
In base 11, what is -9115 + 10?
-9105
In base 3, what is -200 - 10100212?
-10101112
In base 3, what is -202220 - 220020?
-1200010
In base 5, what is -213 + 142034?
141321
In base 8, what is 50604 - 1?
50603
In base 9, what is -1515 + -111?
-1626
In base 2, what is -1110111000 - 1000101?
-1111111101
In base 15, what is -42 - 5085?
-50c7
In base 12, what is -1078 - -10?
-1068
In base 5, what is 1 + -212002?
-212001
In base 8, what is 4260622 - -1?
4260623
In base 13, what is 7 + 6723a?
67244
In base 9, what is 330 - -182?
522
In base 4, what is 1331 + 20122?
22113
In base 5, what is 23 + -101421?
-101343
In base 16, what is -272a + 97?
-2693
In base 6, what is 12231452 + 1?
12231453
In base 14, what is -2057 + -2?
-2059
In base 8, what is 300 - -1753?
2253
In base 8, what is 35 - 20725?
-20670
In base 10, what is -5366 + -8?
-5374
In base 11, what is 5 - -2092?
2097
In base 10, what is 1 - 26450?
-26449
In base 15, what is bc257 - -1?
bc258
In base 3, what is -10112222211 - -1?
-10112222210
In base 3, 